Calculate the greatest common divisor of b and s.
13
Let o = 54 + -54. Let q be (o - (-13 + 4)) + -3. Suppose p = 2, 3*i + q*p - 73 = 4*p. Calculate the greatest common factor of i and 253.
23
Suppose -8960 = -46*a + 14*a. What is the greatest common factor of a and 1000?
40
Suppose -16*g = -143 + 15. Calculate the greatest common divisor of g and 200.
8
Suppose -z + 22 = 2. Let u be 1412/20 - (-3)/(-5). What is the highest common divisor of u and z?
10
Suppose 18*d = 6*d + 216. Suppose d*l - 11*l = 539. What is the highest common factor of 11 and l?
11
Let q = 6307 + -6181. Calculate the greatest common factor of 16128 and q.
126
Suppose 4*z = -12, -r - 495 = -4*r + 5*z. Suppose 0 = 4*j - 3*k - 172, 128 = 3*j + 6*k - 8*k. What is the greatest common divisor of r and j?
40
Let s(m) = 117*m - 3. Let o be s(3). Let r = 24790 + -24778. What is the greatest common divisor of o and r?
12
Let f(a) = -29*a - 59. Let h(l) = -14*l - 29. Let w(g) = 2*f(g) - 5*h(g). Let v be w(-2). Calculate the highest common divisor of 195 and v.
3
Let h(t) be the second derivative of 20*t + 2/3*t**3 - 15/2*t**2 + 0. Let w be h(14). Calculate the highest common divisor of w and 205.
41
Let w(q) = -520*q + 80. Let r be w(-78). Calculate the highest common factor of 10 and r.
10
Let z be (-666)/(-888) - ((-9898)/8 + 2). What is the highest common divisor of z and 276?
12
Let i(o) = 2*o - 10. Let w be i(-7). Let m be (1 + w)*(13 - 4). Let g = 372 + m. Calculate the greatest common factor of g and 33.
33
Let f(v) = -16*v - 29. Let b(p) = -34*p - 58. Let o(h) = -4*b(h) + 9*f(h). Let d be o(-5). What is the greatest common factor of d and 22?
11
Let h(g) = -97*g + 3. Let y be h(-1). Let p = -64 + 61. Let a = 43 + p. Calculate the greatest common divisor of y and a.
20
Let l = -4751 + 5799. Calculate the greatest common divisor of 393 and l.
131
Let m(r) = -r**2 + 67. Let s be m(6). Suppose 42 = 4*p + 3*c, 1 = 2*p - 4*c - s. What is the greatest common divisor of p and 84?
12
Suppose 3*f + d = 2*f + 50, d = 2. Suppose 6*i - 23*i = -85. Let a be (-4 + 14/i)*-10. What is the highest common divisor of f and a?
12
Let y = 2085 - 1980. Calculate the greatest common factor of y and 252.
21
Let r = 4719 - 4488. What is the greatest common divisor of 35 and r?
7
Let z(l) = l + 390. Let h = 29 + -29. Let t be z(h). Suppose 33 - t = -7*q. Calculate the greatest common factor of 17 and q.
17
Suppose -5*y + 2*v - 32 = 0, 3*y - v = -1 - 18. Let p(u) = -u + 2 + 3*u - 3*u. Let d be p(y). What is the greatest common divisor of d and 40?
8
Let n = 2585 + -1685. What is the greatest common factor of 252 and n?
36
Suppose 4*p + 172 = 2*b + 2, 0 = -5*b - 4*p + 355. Calculate the greatest common divisor of b and 1675.
25
Let a be 11 + -3 + -4 + 6. Suppose -a - 142 = -4*p. Calculate the greatest common factor of p and 266.
38
Let l be 134/26 + (-2)/13. Let n = l - 3. Let w = 299 + -277. What is the highest common factor of n and w?
2
Suppose -3 = -4*g + 5. Let r be (264/g)/(((-108)/(-9))/6). Calculate the highest common divisor of 99 and r.
33
Let y(z) = -170*z - 18. Let f be y(-1). Suppose -3*h + 2*j = -44, 5*h + 5*j = 10 + 30. Suppose 9*d + 57 = h*d. Calculate the greatest common divisor of f and d.
19
Let v be 50*(-4)/(8/(-3)). Suppose -5*u - 150 = -4*t, 0 = -4*t - 18*u + 14*u + 96. What is the highest common divisor of t and v?
15
Let d = 2 + 8. Suppose -2*r = -6*r - g + 40, -r - 4*g = -d. Let l(p) = -45*p - 1035. Let t be l(-25). Calculate the greatest common factor of r and t.
10
Let q be (-16)/(-28) - 65764/(-14). Calculate the greatest common divisor of q and 348.
174
Let s = 655 - 550. Let u be (-1)/(-3) - (-124)/6. What is the highest common divisor of s and u?
21
Let z = 170 - 100. Suppose q + 5*n = n + 8, -z = -4*q + 3*n. Let h = -134 - -190. Calculate the highest common divisor of h and q.
8
Suppose 155 + 110 = 3*o + 2*t, -t = 2*o - 178. Suppose -15*p + 814 = 7*p. Let s = p + -11. What is the highest common divisor of o and s?
13
Let s(k) = -8*k**3 - 11*k - 9. Let l be s(-4). Suppose -5*p - 2*f + 810 = -145, 0 = -3*p + 4*f + l. What is the highest common divisor of p and 14?
7
Suppose -5 = -u, -t - 17 = -0*t - 5*u. Let l = 867 - 731. What is the greatest common factor of t and l?
8
Let n(c) = 1011*c + 2036. Let i be n(-2). Calculate the greatest common divisor of 9611 and i.
7
Suppose -4*c + 5*a = -471, -3*a = c + 31 - 153. What is the greatest common divisor of c and 175?
7
Let y(b) = b**2 + 39*b + 276. Let t be y(-7). What is the greatest common factor of t and 3692?
52
Let k(n) = 494*n - 3573. Let b be k(26). What is the greatest common divisor of 127 and b?
127
Let t = 24837 + -24685. Calculate the greatest common factor of t and 361.
19
Let j(m) = -m**3 - 10*m**2 + 14*m + 44. Let a be j(-11). Suppose 0 = a*d - 17*d + 504. Calculate the highest common factor of 112 and d.
28
Let p(n) = -n. Let b(j) = -60*j - 55. Let r(u) = b(u) - 5*p(u). Let l be r(-15). Calculate the greatest common divisor of l and 70.
70
Let j be (6 - 17 - -45) + -5*2/(-5). What is the highest common divisor of 747 and j?
9
Let x(v) = v**2 + v - 2. Let t be x(-5). Let d be -9 + (-249)/(-27) + 5342/t. What is the greatest common divisor of d and 27?
27
Suppose 1488 = 5*y - 1812. Suppose 2*o + 4*f - f = 251, 5*o = -f + y. Calculate the highest common divisor of o and 14.
7
Suppose 2*l - 5*k = -0*l - 12, 0 = -2*l + 2*k. Let u = 31 + l. Suppose 40*a - 225 = u*a. What is the highest common factor of a and 5?
5
Let i be (3819/402)/(9/12*6/27). What is the highest common divisor of i and 3382?
19
Suppose 131*t + 72 = 137*t. Suppose k - 2*d - 9 = 0, -3*k + 5*d + 13 + t = 0. Let w be (1 - -1)*10/4. What is the highest common divisor of w and k?
5
Suppose 0 = -5*h - 534 - 31. Let a = h - -117. What is the greatest common divisor of 28 and a?
4
Suppose -59 + 13 = 9*x - 1891. Calculate the highest common divisor of x and 13735.
205
Let f(w) = 16*w**2 - 66*w - 391. Let g be f(-6). What is the highest common factor of g and 140?
7
Let z(o) be the first derivative of o**4/2 - 5*o**3/3 + 5*o**2/2 - 5*o + 1. Let a be z(4). Calculate the highest common factor of a and 693.
63
Let b be (33 + (-6 - -4))*(-12 + 1). Let f = -205 - b. What is the highest common divisor of 102 and f?
34
Let k = 29 - 43. Let d be (21/k*(8 - -2))/(-1). Calculate the highest common divisor of 195 and d.
15
Let i be (-1)/(-5) + 48/10. Let w(f) = f**3 - 4*f**2 + f + 13. Let x be w(4). Suppose x*a + 415 = 1350. What is the highest common divisor of i and a?
5
Suppose 53 = -4*h - 3. Let g be 20/(-14) + 1 - 48/h. Let c be 16 + -2*g/6. What is the highest common factor of c and 45?
15
Suppose -1650 = 19*n + 1428. Let t = 191 + n. Calculate the highest common divisor of t and 87.
29
Suppose 147*i + 128340 = 239*i. Calculate the highest common factor of 2480 and i.
155
Let u = 7 - 1. Let y(q) = -q**3 + 12*q**2 - 13*q + 7. Let a be y(u). Let z = a + -125. Calculate the greatest common divisor of 10 and z.
10
Let h(z) = z. Let y be h(23). Let c be 336/98*(y - 2). What is the highest common divisor of c and 288?
72
Let b = 2632 + -1988. Calculate the greatest common divisor of 92 and b.
92
Let m(n) = 16*n**2 + 842*n - 52. Let g be m(-53). Let a = 63 + -25. What is the highest common divisor of a and g?
38
Let n(j) = 24*j**2 - 89*j - 595. Let q be n(-7). Calculate the greatest common divisor of q and 42.
14
Suppose 5961 = 3*m - 2*z, -4*m - 1964 = -3*z - 9911. What is the highest common divisor of 459 and m?
153
Let y = -35626 + 35658. Calculate the highest common divisor of 7312 and y.
16
Let q(j) = -233*j + 11. Let m be q(-1). Suppose -16 = -5*i + 4*w, 15 = -i + 4*i + 3*w. Calculate the highest common divisor of m and i.
4
Let b = -169 + 300. Let q = 215 - b. Suppose -46*n = -53*n + q. Calculate the greatest common factor of 3 and n.
3
Suppose -107 = 5*f + 3*n + 12, -108 = 4*f - 4*n. Let p = f + 10. Let g = p - -29. What is the highest common divisor of g and 98?
14
Suppose 11*j + 75 = 8*j. Let v = 22 + j. Let c be 4/(v + 7) - (0 + 0). Calculate the highest common divisor of c and 7.
1
Let i(l) = l**2 - 13*l - 29. Let t be i(15). Let o be (-4 + 147/7)/t. What is the highest common divisor of 17 and o?
17
Let j = 29 - -9. Suppose -2*v - 3*g + j = 0, g - 135 = -